 4*v = -277. Suppose o - 5*u + 15 = 54, 22 = 2*o + 4*u. Calculate the highest common factor of o and t.
19
Let l(z) = z**2 - 4*z + 46. Let p be l(8). What is the greatest common factor of p and 42?
6
Suppose 0 = 2*f + 9 - 331. Suppose 19*n - 21 - 438 = 1289. What is the highest common factor of f and n?
23
Suppose 10*o - 2960 = -c, -17140 + 2442 = -5*c + o. What is the greatest common factor of 10 and c?
10
Let n(s) = -s**3 - 8*s**2 + 9*s + 27. Let d(r) = -2*r**2 + 2*r + 3. Let g be d(3). Let h be n(g). What is the greatest common divisor of h and 27?
27
Let y(l) = 11*l - 32. Let m be y(10). Let k be 30/(-20)*(2 - m). Calculate the highest common divisor of k and 38.
38
Let g = 114 - 59. Suppose 1122 = -8*y + 42*y. Calculate the highest common divisor of y and g.
11
Let n = 178 + -143. Suppose 276 + 704 = n*v. What is the greatest common factor of v and 70?
14
Let u(t) = -t**2 - 4*t + 39. Let x be u(-9). Let m be ((-5)/(-25))/(x*(-6)/10620). Calculate the greatest common divisor of m and 413.
59
Let h(d) = 2*d - 97. Let r be h(16). Let y be (-400)/r + (-6)/39. Calculate the highest common factor of y and 102.
6
Suppose b + 22930 = 4*z, -43*b + 17163 = 3*z - 38*b. What is the highest common factor of z and 11?
11
Suppose -2*t = -2*c + 1064, 5*t + 413 = 4*c - 1712. Calculate the highest common factor of c and 1.
1
Let x be (1/1)/((-2)/(-60)). Let r(g) = g**2 - 37*g + 19. Let t be r(30). Let y = t + 201. What is the highest common divisor of x and y?
10
Let s(v) = 21*v + 67. Let q be s(-3). Let w be 638/q + (1 - (-1)/(-2)). Calculate the highest common factor of w and 64.
32
Suppose -5*c + 2528 = 3*k, -4*c + 5*k + 136 + 1879 = 0. Calculate the greatest common factor of c and 40.
5
Suppose 2*r - 29 = -2*d + 9, -4*r - 2*d + 86 = 0. Let w(a) = -34*a + 34. Let u be w(-4). Let x = 266 - u. What is the highest common divisor of x and r?
24
Let o(q) = 232*q**2 + 9*q + 5. Let g be o(-2). Suppose 459 = 2*z - w, 5*z - g = z + 3*w. Calculate the highest common factor of z and 42.
21
Let x(v) = 43*v - 87. Let j be x(2). Let m be j/(-3) + 22726/(-231)*-7. What is the greatest common factor of m and 13?
13
Let q(s) = 7 - 23*s - 7*s**2 + 5*s**2 + 3*s**2 + 21. Let g be q(22). Suppose 0 = -0*p - 2*p + 108. Calculate the highest common divisor of g and p.
6
Suppose -4*f - 5*g = -138, 3 = -2*g + 7. Let p(r) = -42 + 16 + 135*r - 150*r + r**2. Let o be p(17). Calculate the greatest common divisor of f and o.
8
Suppose -13*s - 6564 = -16*s + 5*k, -s + 2199 = 2*k. What is the greatest common divisor of s and 408?
51
Let s(f) = -f**3 - 16*f**2 + 233*f. Let p be s(7). Calculate the highest common divisor of p and 32.
8
Suppose -3*s = 3*j - 4*j - 31, 3*s - 4*j = 43. Let x be (-6)/4*(s - 11) - -17. Let b = 50 + 90. What is the highest common factor of x and b?
20
Suppose 36 = -13*w + 16*w. Suppose -10*t + w*t = 92. Let d = t + 58. What is the highest common factor of d and 26?
26
Suppose -5*l = 137 - 387. Let v(i) = -i**2 - 33*i + 244. Let g be 4/(-9)*(-1053)/78. Let j be v(g). What is the greatest common factor of l and j?
10
Let h(v) be the second derivative of -v**4/12 + 16*v**3/3 - 69*v**2/2 - 3*v + 27. Let z be h(29). What is the greatest common divisor of z and 18?
18
Let x be 6 - (9 + 0) - (-8 + -2). What is the highest common factor of x and 3269?
7
Suppose 5*p = -820 - 1120. Let x = 622 + p. Let j(i) = -5*i**3 + 182*i**2 + 111*i + 26. Let m be j(37). Calculate the highest common factor of m and x.
26
Let b(w) = 51*w**2 - 536*w - 4304. Let k be b(-8). What is the highest common factor of 224 and k?
112
Let t = -907 - -937. What is the greatest common divisor of t and 20?
10
Let r(t) = 17*t + 22. Let m(o) = 6*o + 7. Let k(u) = -8*m(u) + 3*r(u). Let x be k(20). Suppose 5*c - 90 = -4*c. What is the highest common factor of x and c?
10
Let t be (1 - -1)*(3 - 2). Suppose 0*c - t*h = 3*c - 342, 4*c + 3*h = 457. Calculate the greatest common factor of 42 and c.
14
Let f(w) = -w**3 + w**2 + 15*w - 8. Let u be f(-4). Suppose 4*k + 3*v = 2*k - 8, -4*k = -v - u. Calculate the greatest common factor of k and 70.
2
Suppose 0 = 2*y + c - 465, -2*y + 681*c - 686*c + 501 = 0. Calculate the highest common factor of 204 and y.
12
Let z be (16/(-6))/((-3)/9). Let l(f) = -3*f**3 - 2*f**2 + 2*f - 2. Let w be l(2). Let v = 54 + w. What is the highest common factor of z and v?
8
Suppose g = o + 6, -12 = -o - 4*g - 43. Let s(f) = f**3 + 14*f**2 + 10*f - 28. Let z be s(o). What is the greatest common divisor of z and 18?
9
Suppose 13213*r - 825 = 13198*r. Suppose -25 = -9*o + 4*o. Calculate the highest common factor of r and o.
5
Suppose -54 + 150 = 8*b. Suppose 3*n + b = 90. Calculate the greatest common divisor of 52 and n.
26
Let v be (4/5)/((-7)/(-35)). Let b(y) = 9*y - 20. Let n(r) = -2. Let u(g) = 2*b(g) - 14*n(g). Let h be u(v). What is the greatest common divisor of 15 and h?
15
Let h(o) = -2*o**3 + 34*o**2 - 16*o + 12. Let s be h(12). Suppose -6*u + u + s = -3*j, -3*j - 264 = -u. What is the highest common factor of 3 and u?
3
Let u(y) be the first derivative of 95*y**3/3 + y**2 - y + 66. Let k be u(1). What is the highest common divisor of k and 24?
24
Let r(l) = -3*l**2 + 4*l + 36. Let u be r(4). Let z be ((-4)/(u/(-7)))/(14/112). What is the highest common factor of z and 16?
8
Let u be 860 + 2 + (-7)/(-3) + (-24)/72. What is the highest common factor of u and 324?
108
Let f = 104 - 44. Let h = f + -30. Let u = 7 - -8. What is the highest common divisor of h and u?
15
Let s be (-6)/(-4)*(-6 - (-44)/6). Suppose 3*m = -2*i + 775, 0*m + 5*m - 1265 = s*i. Suppose -m = -9*u + 240. What is the highest common divisor of 5 and u?
5
Let g(z) = -z**2 + 25*z + 942. Let j be g(42). What is the highest common factor of j and 1881?
57
Let h(o) be the third derivative of -5*o**4/24 + 61*o**3/6 - 10*o**2. Let y be h(9). What is the greatest common factor of 208 and y?
16
Let z(q) = -17*q**2 - 5*q + 1. Let n be z(5). Let b = 561 + n. What is the highest common factor of b and 144?
16
Let w be (-3)/(90/34008)*(-225)/15. Calculate the highest common factor of 312 and w.
156
Suppose -1613 = -47*i - 1190. Calculate the greatest common divisor of i and 807.
3
Let a(u) = 2*u - 89. Let y be a(-31). Let o = y + 295. Let f(v) = -8*v - 22. Let q be f(-5). What is the greatest common factor of q and o?
18
Let z = -4 - -8. Let r be -1344*(4/(-7))/(48/112). Let m be r/49 + (-4)/7. Calculate the highest common factor of z and m.
4
Suppose -3*m + 3*f + 837 = -8*m, -3*m - 475 = -5*f. Let y = m - -182. What is the highest common factor of 170 and y?
17
Let d = 20 + -35. Let z(q) = q**3 + 16*q**2 - 5. Let h be z(d). Let j = 896 - 841. Calculate the greatest common divisor of j and h.
55
Let x be 154457/(-2056) - 7/8. Let k be (-1 - (-1 - 140)) + 1. Let j = x + k. What is the greatest common divisor of j and 13?
13
Let f(s) = -212*s - 3646. Let u be f(-18). Calculate the highest common divisor of 190 and u.
10
Let t(w) = w**3 + 13*w**2 - 7*w - 59. Let d be t(-13). Suppose -n - 140 = 4*n. Let i be 2232/10 - n/35. What is the highest common factor of d and i?
32
Suppose 1391*t - 1364*t - 8424 = 0. What is the greatest common divisor of t and 32?
8
Suppose 0 = -1602*i + 1606*i - 680. Calculate the greatest common divisor of i and 80.
10
Let b(d) = -d**2 - 10*d + 9. Let j be b(-9). Suppose 2*t = -1 + 21. Let v be (-17 + t/2)/((-4)/6). Calculate the highest common divisor of j and v.
18
Suppose -4*f + 0*f = -3*v - 1450, -4*v = -3*f + 1938. Let z = v + 522. Let t(j) = -7*j - 1. Let g be t(-13). Calculate the highest common divisor of g and z.
18
Suppose 19408 = y + 9*c - 11*c, 5*y = 4*c + 97028. Calculate the greatest common divisor of 126 and y.
126
Suppose -217*g + 221*g = 2352. Suppose -20*f - 259 = -819. What is the highest common factor of f and g?
28
Let j = -113 - 36. Let b = 163 + j. Calculate the greatest common divisor of b and 406.
14
Let d be (-19 - (-975)/50) + -2*(-43)/4. What is the highest common divisor of 46 and d?
2
Let x be ((-8)/(-6))/(-6*(-5)/(-45)). Let w be (-29)/4 - x/8. Let c(p) = p**2 - 8*p - 12. Let m be c(w). What is the highest common divisor of m and 62?
31
Let u = -181 - -186. Let d be u/(-15)*(3 + 414/(-3)). Calculate the highest common factor of 60 and d.
15
Suppose i - 6*i - 20 =